 7, 17, 787
List the prime factors of 9185954.
2, 139, 173, 191
What are the prime factors of 1143097?
17, 19, 3539
List the prime factors of 14331255.
3, 5, 17, 43, 1307
List the prime factors of 355343.
355343
List the prime factors of 2632247.
2632247
List the prime factors of 953494.
2, 113, 4219
List the prime factors of 337456.
2, 7, 23, 131
What are the prime factors of 153986?
2, 7, 17, 647
What are the prime factors of 1048489?
13, 59, 1367
List the prime factors of 30262806.
2, 3, 7, 461, 521
List the prime factors of 34383.
3, 73, 157
What are the prime factors of 6874815?
3, 5, 23, 19927
What are the prime factors of 2070377?
41, 50497
What are the prime factors of 16826873?
7, 29, 82891
List the prime factors of 391227.
3, 130409
List the prime factors of 934388.
2, 7, 13, 17, 151
What are the prime factors of 11987683?
523, 22921
List the prime factors of 1437793.
7, 205399
List the prime factors of 15004484.
2, 11, 29, 1069
List the prime factors of 1642791.
3, 47, 61, 191
What are the prime factors of 12923642?
2, 6461821
What are the prime factors of 774148?
2, 103, 1879
What are the prime factors of 280452?
2, 3, 23371
What are the prime factors of 10223244?
2, 3, 283979
List the prime factors of 561229.
561229
What are the prime factors of 217371?
3, 7, 11, 941
List the prime factors of 2598363.
3, 449, 643
What are the prime factors of 130506?
2, 3, 21751
List the prime factors of 979126.
2, 79, 6197
List the prime factors of 448883.
448883
List the prime factors of 33646.
2, 16823
What are the prime factors of 7138542?
2, 3, 1189757
What are the prime factors of 6388032?
2, 3, 7, 97
What are the prime factors of 17326365?
3, 5, 7, 31, 5323
What are the prime factors of 955457?
955457
What are the prime factors of 483542?
2, 241771
List the prime factors of 14242474.
2, 23, 269, 1151
What are the prime factors of 3154101?
3, 313, 3359
What are the prime factors of 791973?
3, 7, 13, 967
List the prime factors of 7262568.
2, 3, 33623
What are the prime factors of 4824109?
4824109
What are the prime factors of 297033?
3, 11, 9001
What are the prime factors of 2074591?
19, 137, 797
What are the prime factors of 132628?
2, 71, 467
List the prime factors of 8684539.
19, 83, 5507
List the prime factors of 138927.
3, 46309
List the prime factors of 1863592.
2, 281, 829
What are the prime factors of 212981?
212981
What are the prime factors of 28014173?
11, 31, 82153
What are the prime factors of 906169?
11, 7489
What are the prime factors of 2891526?
2, 3, 11, 193, 227
List the prime factors of 353438.
2, 19, 71, 131
What are the prime factors of 119671?
119671
List the prime factors of 5483579.
5483579
List the prime factors of 6860053.
281, 24413
List the prime factors of 7439205.
3, 5, 495947
List the prime factors of 460962.
2, 3, 25609
List the prime factors of 2068364.
2, 517091
What are the prime factors of 2738601?
3, 97, 3137
What are the prime factors of 465476?
2, 11, 71, 149
What are the prime factors of 7396711?
7, 29, 83, 439
What are the prime factors of 1067309?
877, 1217
What are the prime factors of 68902?
2, 47, 733
What are the prime factors of 18425683?
163, 113041
What are the prime factors of 980496?
2, 3, 11, 619
List the prime factors of 328437.
3, 36493
List the prime factors of 2187664.
2, 73, 1873
What are the prime factors of 2321559?
3, 31, 53, 157
What are the prime factors of 4825123?
131, 36833
What are the prime factors of 412486?
2, 31, 6653
What are the prime factors of 2201202?
2, 3, 40763
List the prime factors of 940382.
2, 241, 1951
List the prime factors of 3008802.
2, 3, 19, 26393
List the prime factors of 90975.
3, 5, 1213
List the prime factors of 17827948.
2, 41, 108707
What are the prime factors of 1197288?
2, 3, 23, 241
List the prime factors of 17856294.
2, 3, 421, 7069
What are the prime factors of 386976?
2, 3, 29, 139
List the prime factors of 1973826.
2, 3, 53, 2069
What are the prime factors of 298016?
2, 67, 139
What are the prime factors of 839274?
2, 3, 43, 3253
List the prime factors of 482048.
2, 7, 269
List the prime factors of 38809916.
2, 277, 35027
What are the prime factors of 635240?
2, 5, 15881
What are the prime factors of 40117342?
2, 241, 83231
What are the prime factors of 218670?
2, 3, 5, 37, 197
List the prime factors of 5272076.
2, 1318019
List the prime factors of 401394.
2, 3, 7, 19, 503
List the prime factors of 3666217.
373, 9829
What are the prime factors of 11449582?
2, 1277, 4483
What are the prime factors of 41087?
181, 227
What are the prime factors of 710279?
727, 977
What are the prime factors of 187346?
2, 283, 331
What are the prime factors of 662404?
2, 165601
What are the prime factors of 4482305?
5, 17, 52733
What are the prime factors of 9954719?
9954719
What are the prime factors of 234474?
2, 3, 39079
List the prime factors of 1258670.
2, 5, 7, 17981
What are the prime factors of 1082393?
13, 139, 599
What are the prime factors of 9085210?
2, 5, 908521
List the prime factors of 9559570.
2, 5, 955957
What are the prime factors of 76368?
2, 3, 37, 43
What are the prime factors of 481392?
2, 3, 3343
What are the prime factors of 6640337?
11, 603667
What are the prime factors of 19258687?
7, 2751241
List the prime factors of 180025.
5, 19, 379
List the prime factors of 15842683.
15842683
List the prime factors of 282076.
2, 97, 727
List the prime factors of 191606.
2, 95803
What are the prime factors of 881500?
2, 5, 41, 43
What are the prime factors of 1041080?
2, 5, 17, 1531
What are the prime factors of 4415755?
5, 197, 4483
List the prime factors of 369477.
3, 61, 673
What are the prime factors of 362556?
2, 3, 373
List the prime factors of 542723.
542723
List the prime factors of 738080.
2, 5, 7, 659
List the prime factors of 2098.
2, 1049
List the prime factors of 682046.
2, 397, 859
What are the prime factors of 4985992?
2, 11, 56659
List the prime factors of 67605.
3, 5, 4507
List the prime factors of 344659.
7, 53, 929
What are the prime factors of 1261344?
2, 3, 7, 1877
What are the prime factors of 30208499?
19, 23, 69127
List the prime factors of 6065.
5, 1213
What are the prime factors of 163625?
5, 7, 11, 17
What are the prime factors of 30053508?
2, 3, 31, 80789
What are the prime factors of 169962?
2, 3, 13, 2179
What are the prime factors of 5067926?
2, 2533963
What are the prime factors of 1152494?
2, 7, 191, 431
What are the prime factors of 458342?
2, 229171
List the prime factors of 79031.
79031
List the prime factors of 7018549.
7018549
What are the prime factors of 1482473?
89, 16657
List the prime factors of 23245999.
7, 89, 37313
What are the prime factors of 2385390?
2, 3, 5, 7, 37, 307
List the prime factors of 120524.
2, 29, 1039
List the prime factors of 5028638.
2, 83, 30293
What are the prime factors of 8943248?
2, 41, 13633
What are the prime factors of 11834237?
11834237
List the prime factors of 10053996.
2, 3, 837833
List the prime factors of 19240986.
2, 3, 61, 52571
List the prime factors of 6513485.
5, 11, 19, 23, 271
What are the prime factors of 489608?
2, 7, 1249
What are the prime factors of 11946?
2, 3, 11, 181
What are the prime factors of 2456349?
3, 7, 116969
What are the prime factors of 4129689?
3, 89, 15467
List the prime factors of 174803.
67, 2609
What are the prime factors of 795622?
2, 397811
List the prime factors of 1211737.
1211737
What are the prime factors of 495727?
337, 1471
List the prime factors of 2973987.
3, 491, 673
List the prime factors of 2824073.
7, 403439
What are the prime factors of 391987?
391987
What are the prime factors of 4243403?
19, 223337
List the prime factors of 285205.
5, 57041
What are the prime factors of 2765839?
2765839
What are the prime factors of 287650?
2, 5, 11, 523
List the prime factors of 8655768.
2, 3, 11, 3643
List the prime factors of 3264617.
29, 112573
List the prime factors of 1187178.
2, 3, 17, 103, 113
List the prime factors of 2516.
2, 17, 37
List the prime factors of 942977.
7, 23, 5857
What are the prime factors of 6710669?
7, 958667
What are the prime factors of 295128?
2, 3, 4099
List the prime factors of 5931.
3, 659
What are the prime factors of 4400535?
3, 5, 17, 17257
What are the prime factors of 4908223?
17, 23, 12553
List the pr